{"id":2141,"date":"2022-11-09T08:00:03","date_gmt":"2022-11-09T08:00:03","guid":{"rendered":"https:\/\/www.404-page-not-found.de\/alrivo\/?page_id=2141"},"modified":"2022-12-19T20:55:37","modified_gmt":"2022-12-19T19:55:37","slug":"impressum","status":"publish","type":"page","link":"https:\/\/www.404-page-not-found.de\/alrivo\/impressum\/","title":{"rendered":"Impressum"},"content":{"rendered":"<div>\n<h1>Impressum<\/h1>\n<\/div>\n<h3>Kontakt<\/h3>\n<div>\n<h4>PFS Pension Fund Service AG <br \/>Sa\u0308gereistrasse 29 <br \/>8152 Glattbrugg<br \/>Schweiz<\/p>\n<p>Telefon: +41 43 210 18 09 <br \/><span>E-Mail: alrivo@pfs.ch<\/span><span><\/span><\/h4>\n<\/div>\n<h3>Vertretungsberechtigte Person(en)<\/h3>\n<div>\n<h4>Reto Candrian<\/h4>\n<\/div>\n<h3>Aufsichtsbeho\u0308rde<\/h3>\n<div>\n<h4>BVG- und Stiftungsaufsicht des Kantons Zu\u0308rich (BVS) <br \/>Stampfenbachstrasse 63, 8090 Zu\u0308rich, Schweiz <br \/><a href=\"https:\/\/www.bvs-zh.ch\/\" target=\"_blank\" rel=\"noopener\">https:\/\/www.bvs-zh.ch\/<\/a><\/h4>\n<\/div>\n<h3>Design &amp; Programmierung<\/h3>\n<div>\n<h4>Das Konzept und Design wurde realisiert durch Bettina Frensemeier &#8211; <a href=\"https:\/\/www.frensemeier.com\/\" target=\"_blank\" rel=\"noopener\">Frensemeier Design<\/a>.<br \/>Die Programmierung und das CMS wurde realisiert durch Iris Neumaier &#8211; <a href=\"https:\/\/www.tanrik.de\/\" target=\"_blank\" rel=\"noopener\">Tanrik Design<\/a>.<\/h4>\n<\/div>\n<h3>Haftungsausschluss<\/h3>\n<div>\n<h4>Der Autor \u00fcbernimmt keinerlei Gew\u00e4hr hinsichtlich der inhaltlichen Richtigkeit, Genauigkeit, Aktualit\u00e4t, Zuverl\u00e4ssigkeit und Vollst\u00e4ndigkeit der Informationen.<\/h4>\n<h4>Haftungsanspr\u00fcche gegen den Autor wegen Sch\u00e4den materieller oder immaterieller Art, welche aus dem Zugriff oder der Nutzung bzw. Nichtnutzung der ver\u00f6ffentlichten Informationen, durch Missbrauch der Verbindung oder durch technische St\u00f6rungen entstanden sind, werden ausgeschlossen.<\/h4>\n<h4>Alle Angebote sind unverbindlich. Der Autor beh\u00e4lt es sich ausdr\u00fccklich vor, Teile der Seiten oder das gesamte Angebot ohne besondere Ank\u00fcndigung zu ver\u00e4ndern, zu erg\u00e4nzen, zu l\u00f6schen oder die Ver\u00f6ffentlichung zeitweise oder endg\u00fcltig einzustellen.<\/h4>\n<\/div>\n<h3>Haftung f\u00fcr Links<\/h3>\n<div>\n<h4>Verweise und Links auf Webseiten Dritter liegen ausserhalb unseres Verantwortungsbereichs. Es wird jegliche Verantwortung f\u00fcr solche Webseiten abgelehnt. Der Zugriff und die Nutzung solcher Webseiten erfolgen auf eigene Gefahr des jeweiligen Nutzers.<\/h4>\n<\/div>\n<h3>Urheberrechte<\/h3>\n<div>\n<h4>Die Urheber- und alle anderen Rechte an Inhalten, Bildern, Fotos oder anderen Dateien auf dieser Website, geh\u00f6ren ausschliesslich der juristischen Person PFS Pension Fund Service AG oder den speziell genannten Rechteinhabern. F\u00fcr die Reproduktion jeglicher Elemente ist die schriftliche Zustimmung des Urheberrechtstr\u00e4gers im Voraus einzuholen. <\/h4>\n<\/div>\n<h3>Bildrechte<\/h3>\n<div>\n<h4>AdobeStock&#8230;<\/h4>\n<\/div>\n<div>\n<h4>Quelle: SwissAnwalt<\/h4>\n<\/div>\n<p><!--more--><br \/>\n<!-- {\"name\":\"Services ganze Seite\",\"type\":\"layout\",\"children\":[{\"name\":\"banner impressum\",\"type\":\"section\",\"props\":{\"css\":\"n\",\"image\":\"wp-content\\\/uploads\\\/2022\\\/12\\\/arbeitgebende_anlagestrategie.jpg\",\"image_parallax_bgy\":\"20,-230\",\"image_parallax_breakpoint\":\"m\",\"image_position\":\"center-center\",\"image_width\":\"1560\",\"padding\":\"large\",\"padding_remove_horizontal\":false,\"padding_remove_top\":false,\"style\":\"default\",\"title_breakpoint\":\"xl\",\"title_position\":\"top-left\",\"title_rotation\":\"left\",\"vertical_align\":\"middle\",\"width\":\"xlarge\"},\"children\":[{\"name\":\"\",\"type\":\"row\",\"props\":{\"column_gap\":\"medium\",\"divider\":false,\"layout\":\"1-4,1-4,1-4,1-4|1-2,1-2,1-2,1-2\",\"margin\":\"default\",\"margin_remove_top\":false,\"match\":false,\"vertical_align\":false,\"width\":\"xlarge\"},\"children\":[{\"name\":\"\",\"type\":\"column\",\"props\":{\"image_position\":\"center-center\",\"media_overlay_gradient\":\"\",\"position_sticky\":\"column\",\"position_sticky_breakpoint\":\"m\",\"width_medium\":\"1-4\",\"width_small\":\"1-2\"},\"children\":[{\"name\":\"\",\"type\":\"panel\",\"props\":{\"content\":\"\",\"content_column_breakpoint\":\"m\",\"icon_width\":80,\"image_align\":\"top\",\"image_grid_breakpoint\":\"m\",\"image_grid_width\":\"1-2\",\"image_svg_color\":\"emphasis\",\"link_style\":\"default\",\"link_text\":\"Read more\",\"margin\":\"default\",\"margin_remove_bottom\":false,\"margin_remove_top\":false,\"meta\":\"\",\"meta_align\":\"below-title\",\"meta_element\":\"div\",\"meta_style\":\"text-meta\",\"panel_padding\":\"default\",\"panel_style\":\"tile-secondary\",\"position_left\":\"-80\",\"title\":\"Impressum\",\"title_align\":\"top\",\"title_element\":\"h1\",\"title_grid_breakpoint\":\"m\",\"title_grid_width\":\"1-2\",\"title_hover_style\":\"reset\",\"title_style\":\"h1\"}}]},{\"name\":\"\",\"type\":\"column\",\"props\":{\"image_position\":\"center-center\",\"media_overlay_gradient\":\"\",\"position_sticky_breakpoint\":\"m\",\"width_medium\":\"1-4\",\"width_small\":\"1-2\"},\"children\":[]},{\"type\":\"column\",\"props\":{\"image_position\":\"center-center\",\"media_overlay_gradient\":\"\",\"position_sticky_breakpoint\":\"m\",\"width_medium\":\"1-4\",\"width_small\":\"1-2\"},\"children\":[]},{\"type\":\"column\",\"props\":{\"image_position\":\"center-center\",\"media_overlay_gradient\":\"\",\"position_sticky_breakpoint\":\"m\",\"width_medium\":\"1-4\",\"width_small\":\"1-2\"},\"children\":[]}]}]},{\"name\":\"Impressum\",\"type\":\"section\",\"props\":{\"animation_delay\":false,\"image_position\":\"center-center\",\"padding\":\"large\",\"padding_remove_bottom\":false,\"style\":\"default\",\"title_breakpoint\":\"xl\",\"title_position\":\"top-left\",\"title_rotation\":\"left\",\"vertical_align\":\"middle\",\"width\":\"default\"},\"children\":[{\"name\":\"\",\"type\":\"row\",\"props\":{\"layout\":\"1-3,2-3\",\"vertical_align\":false},\"children\":[{\"name\":\"\",\"type\":\"column\",\"props\":{\"image_position\":\"center-center\",\"media_overlay_gradient\":\"\",\"position_sticky_breakpoint\":\"m\",\"width_small\":\"1-3\"},\"children\":[{\"name\":\"\",\"type\":\"headline\",\"props\":{\"content\":\"Kontakt\",\"title_element\":\"h3\",\"title_style\":\"h3\"}}]},{\"name\":\"\",\"type\":\"column\",\"props\":{\"image_position\":\"center-center\",\"media_overlay_gradient\":\"\",\"position_sticky_breakpoint\":\"m\",\"width_small\":\"2-3\"},\"children\":[{\"name\":\"\",\"type\":\"text\",\"props\":{\"column_breakpoint\":\"m\",\"content\":\"\n\n<h4>PFS Pension Fund Service AG <br \\\/>Sa\\u0308gereistrasse 29 <br \\\/>8152 Glattbrugg<br \\\/>Schweiz<br \\\/><br \\\/>Telefon: +41 43 210 18 09 <br \\\/><span>E-Mail: alrivo@pfs.ch<\\\/span><span><\\\/span><\\\/h4>\",\"margin\":\"default\",\"text_style\":\"large\"}}]}]},{\"name\":\"\",\"type\":\"row\",\"props\":{\"layout\":\"1-3,2-3\",\"vertical_align\":false},\"children\":[{\"name\":\"\",\"type\":\"column\",\"props\":{\"image_position\":\"center-center\",\"media_overlay_gradient\":\"\",\"position_sticky_breakpoint\":\"m\",\"width_small\":\"1-3\"},\"children\":[{\"name\":\"\",\"type\":\"headline\",\"props\":{\"content\":\"Vertretungsberechtigte Person(en)\",\"title_element\":\"h3\",\"title_style\":\"h3\"}}]},{\"name\":\"\",\"type\":\"column\",\"props\":{\"image_position\":\"center-center\",\"media_overlay_gradient\":\"\",\"position_sticky_breakpoint\":\"m\",\"width_small\":\"2-3\"},\"children\":[{\"name\":\"\",\"type\":\"text\",\"props\":{\"column_breakpoint\":\"m\",\"content\":\"\n\n<h4>Reto Candrian<\\\/h4>\",\"margin\":\"default\",\"text_style\":\"large\"}}]}]},{\"name\":\"\",\"type\":\"row\",\"props\":{\"layout\":\"1-3,2-3\",\"vertical_align\":false},\"children\":[{\"name\":\"\",\"type\":\"column\",\"props\":{\"image_position\":\"center-center\",\"media_overlay_gradient\":\"\",\"position_sticky_breakpoint\":\"m\",\"width_small\":\"1-3\"},\"children\":[{\"name\":\"\",\"type\":\"headline\",\"props\":{\"content\":\"Aufsichtsbeho\\u0308rde\",\"title_element\":\"h3\",\"title_style\":\"h3\"}}]},{\"name\":\"\",\"type\":\"column\",\"props\":{\"image_position\":\"center-center\",\"media_overlay_gradient\":\"\",\"position_sticky_breakpoint\":\"m\",\"width_small\":\"2-3\"},\"children\":[{\"name\":\"\",\"type\":\"text\",\"props\":{\"column_breakpoint\":\"m\",\"content\":\"\n\n<h4>BVG- und Stiftungsaufsicht des Kantons Zu\\u0308rich (BVS) <br \\\/>Stampfenbachstrasse 63, 8090 Zu\\u0308rich, Schweiz <br \\\/><a href=\\\"https:\\\/\\\/www.bvs-zh.ch\\\/\\\" target=\\\"_blank\\\" rel=\\\"noopener\\\">https:\\\/\\\/www.bvs-zh.ch\\\/<\\\/a><\\\/h4>\",\"margin\":\"default\",\"text_style\":\"large\"}}]}]},{\"name\":\"\",\"type\":\"row\",\"props\":{\"layout\":\"1-3,2-3\",\"vertical_align\":false},\"children\":[{\"name\":\"\",\"type\":\"column\",\"props\":{\"image_position\":\"center-center\",\"media_overlay_gradient\":\"\",\"position_sticky_breakpoint\":\"m\",\"width_small\":\"1-3\"},\"children\":[{\"name\":\"\",\"type\":\"headline\",\"props\":{\"content\":\"Design &amp; Programmierung\",\"title_element\":\"h3\",\"title_style\":\"h3\"}}]},{\"name\":\"\",\"type\":\"column\",\"props\":{\"image_position\":\"center-center\",\"media_overlay_gradient\":\"\",\"position_sticky_breakpoint\":\"m\",\"width_small\":\"2-3\"},\"children\":[{\"name\":\"\",\"type\":\"text\",\"props\":{\"column_breakpoint\":\"m\",\"content\":\"\n\n<h4>Das Konzept und Design wurde realisiert durch Bettina Frensemeier - <a href=\\\"https:\\\/\\\/www.frensemeier.com\\\/\\\" target=\\\"_blank\\\" rel=\\\"noopener\\\">Frensemeier Design<\\\/a>.<br \\\/>Die Programmierung und das CMS wurde realisiert durch Iris Neumaier - <a href=\\\"https:\\\/\\\/www.tanrik.de\\\/\\\" target=\\\"_blank\\\" rel=\\\"noopener\\\">Tanrik Design<\\\/a>.<\\\/h4>\",\"margin\":\"default\",\"text_style\":\"large\"}}]}]},{\"name\":\"\",\"type\":\"row\",\"props\":{\"layout\":\"1-3,2-3\",\"vertical_align\":false},\"children\":[{\"name\":\"\",\"type\":\"column\",\"props\":{\"image_position\":\"center-center\",\"media_overlay_gradient\":\"\",\"position_sticky_breakpoint\":\"m\",\"width_small\":\"1-3\"},\"children\":[{\"name\":\"\",\"type\":\"headline\",\"props\":{\"content\":\"Haftungsausschluss\",\"title_element\":\"h3\",\"title_style\":\"h3\"}}]},{\"name\":\"\",\"type\":\"column\",\"props\":{\"image_position\":\"center-center\",\"media_overlay_gradient\":\"\",\"position_sticky_breakpoint\":\"m\",\"width_small\":\"2-3\"},\"children\":[{\"name\":\"\",\"type\":\"text\",\"props\":{\"column_breakpoint\":\"m\",\"content\":\"\n\n<h4>Der Autor \\u00fcbernimmt keinerlei Gew\\u00e4hr hinsichtlich der inhaltlichen Richtigkeit, Genauigkeit, Aktualit\\u00e4t, Zuverl\\u00e4ssigkeit und Vollst\\u00e4ndigkeit der Informationen.<\\\/h4>\\n\n\n<h4>Haftungsanspr\\u00fcche gegen den Autor wegen Sch\\u00e4den materieller oder immaterieller Art, welche aus dem Zugriff oder der Nutzung bzw. Nichtnutzung der ver\\u00f6ffentlichten Informationen, durch Missbrauch der Verbindung oder durch technische St\\u00f6rungen entstanden sind, werden ausgeschlossen.<\\\/h4>\\n\n\n<h4>Alle Angebote sind unverbindlich. Der Autor beh\\u00e4lt es sich ausdr\\u00fccklich vor, Teile der Seiten oder das gesamte Angebot ohne besondere Ank\\u00fcndigung zu ver\\u00e4ndern, zu erg\\u00e4nzen, zu l\\u00f6schen oder die Ver\\u00f6ffentlichung zeitweise oder endg\\u00fcltig einzustellen.<\\\/h4>\",\"margin\":\"default\",\"text_style\":\"large\"}}]}]},{\"name\":\"\",\"type\":\"row\",\"props\":{\"layout\":\"1-3,2-3\",\"vertical_align\":false},\"children\":[{\"name\":\"\",\"type\":\"column\",\"props\":{\"image_position\":\"center-center\",\"media_overlay_gradient\":\"\",\"position_sticky_breakpoint\":\"m\",\"width_small\":\"1-3\"},\"children\":[{\"name\":\"\",\"type\":\"headline\",\"props\":{\"content\":\"Haftung f\\u00fcr Links\",\"title_element\":\"h3\",\"title_style\":\"h3\"}}]},{\"name\":\"\",\"type\":\"column\",\"props\":{\"image_position\":\"center-center\",\"media_overlay_gradient\":\"\",\"position_sticky_breakpoint\":\"m\",\"width_small\":\"2-3\"},\"children\":[{\"name\":\"\",\"type\":\"text\",\"props\":{\"column_breakpoint\":\"m\",\"content\":\"\n\n<h4>Verweise und Links auf Webseiten Dritter liegen ausserhalb unseres Verantwortungsbereichs. Es wird jegliche Verantwortung f\\u00fcr solche Webseiten abgelehnt. Der Zugriff und die Nutzung solcher Webseiten erfolgen auf eigene Gefahr des jeweiligen Nutzers.<\\\/h4>\",\"margin\":\"default\",\"text_style\":\"large\"}}]}]},{\"name\":\"\",\"type\":\"row\",\"props\":{\"layout\":\"1-3,2-3\",\"vertical_align\":false},\"children\":[{\"name\":\"\",\"type\":\"column\",\"props\":{\"image_position\":\"center-center\",\"media_overlay_gradient\":\"\",\"position_sticky_breakpoint\":\"m\",\"width_small\":\"1-3\"},\"children\":[{\"name\":\"\",\"type\":\"headline\",\"props\":{\"content\":\"Urheberrechte\",\"title_element\":\"h3\",\"title_style\":\"h3\"}}]},{\"name\":\"\",\"type\":\"column\",\"props\":{\"image_position\":\"center-center\",\"media_overlay_gradient\":\"\",\"position_sticky_breakpoint\":\"m\",\"width_small\":\"2-3\"},\"children\":[{\"name\":\"\",\"type\":\"text\",\"props\":{\"column_breakpoint\":\"m\",\"content\":\"\n\n<h4>Die Urheber- und alle anderen Rechte an Inhalten, Bildern, Fotos oder anderen Dateien auf dieser Website, geh\\u00f6ren ausschliesslich der juristischen Person PFS Pension Fund Service AG oder den speziell genannten Rechteinhabern. F\\u00fcr die Reproduktion jeglicher Elemente ist die schriftliche Zustimmung des Urheberrechtstr\\u00e4gers im Voraus einzuholen. <\\\/h4>\",\"margin\":\"default\",\"text_style\":\"large\"}}]}]},{\"name\":\"\",\"type\":\"row\",\"props\":{\"layout\":\"1-3,2-3\",\"vertical_align\":false},\"children\":[{\"name\":\"\",\"type\":\"column\",\"props\":{\"image_position\":\"center-center\",\"media_overlay_gradient\":\"\",\"position_sticky_breakpoint\":\"m\",\"width_small\":\"1-3\"},\"children\":[{\"name\":\"\",\"type\":\"headline\",\"props\":{\"content\":\"Bildrechte\",\"title_element\":\"h3\",\"title_style\":\"h3\"}}]},{\"name\":\"\",\"type\":\"column\",\"props\":{\"image_position\":\"center-center\",\"media_overlay_gradient\":\"\",\"position_sticky_breakpoint\":\"m\",\"width_small\":\"2-3\"},\"children\":[{\"name\":\"\",\"type\":\"text\",\"props\":{\"column_breakpoint\":\"m\",\"content\":\"\n\n<h4>AdobeStock...<\\\/h4>\",\"margin\":\"default\",\"text_style\":\"large\"}},{\"name\":\"\",\"type\":\"text\",\"props\":{\"column_breakpoint\":\"m\",\"content\":\"\n\n<h4><br \\\/>Quelle: SwissAnwalt<\\\/h4>\",\"margin\":\"default\",\"text_style\":\"large\"}}]}]}]}],\"version\":\"3.0.18\"} --><\/p>\n","protected":false},"excerpt":{"rendered":"<p>Impressum Kontakt PFS Pension Fund Service AG Sa\u0308gereistrasse 29 8152 GlattbruggSchweiz Telefon: +41 43 210 18 09 E-Mail: alrivo@pfs.ch Vertretungsberechtigte Person(en) Reto Candrian Aufsichtsbeho\u0308rde BVG- und Stiftungsaufsicht des Kantons Zu\u0308rich (BVS) Stampfenbachstrasse 63, 8090 Zu\u0308rich, Schweiz https:\/\/www.bvs-zh.ch\/ Design &amp; Programmierung Das Konzept und Design wurde realisiert durch Bettina Frensemeier &#8211; Frensemeier Design.Die Programmierung und das [&hellip;]<\/p>\n","protected":false},"author":1,"featured_media":0,"parent":0,"menu_order":8,"comment_status":"open","ping_status":"open","template":"","meta":[],"acf":[],"yoast_head":"<!-- This site is optimized with the Yoast SEO plugin v19.12 - https:\/\/yoast.com\/wordpress\/plugins\/seo\/ -->\n<title>Impressum - Alrivo<\/title>\n<meta name=\"robots\" content=\"noindex, follow, max-snippet:-1, max-image-preview:large, max-video-preview:-1\" \/>\n<meta property=\"og:locale\" content=\"de_DE\" \/>\n<meta property=\"og:type\" content=\"article\" \/>\n<meta property=\"og:title\" content=\"Impressum - Alrivo\" \/>\n<meta property=\"og:description\" content=\"Impressum Kontakt PFS Pension Fund Service AG Sa\u0308gereistrasse 29 8152 GlattbruggSchweiz Telefon: +41 43 210 18 09 E-Mail: alrivo@pfs.ch Vertretungsberechtigte Person(en) Reto Candrian Aufsichtsbeho\u0308rde BVG- und Stiftungsaufsicht des Kantons Zu\u0308rich (BVS) Stampfenbachstrasse 63, 8090 Zu\u0308rich, Schweiz https:\/\/www.bvs-zh.ch\/ Design &amp; Programmierung Das Konzept und Design wurde realisiert durch Bettina Frensemeier &#8211; Frensemeier Design.Die Programmierung und das [&hellip;]\" \/>\n<meta property=\"og:url\" content=\"https:\/\/www.404-page-not-found.de\/alrivo\/impressum\/\" \/>\n<meta property=\"og:site_name\" content=\"Alrivo\" \/>\n<meta property=\"article:modified_time\" content=\"2022-12-19T19:55:37+00:00\" \/>\n<meta name=\"twitter:card\" content=\"summary_large_image\" \/>\n<meta name=\"twitter:label1\" content=\"Gesch\u00e4tzte Lesezeit\" \/>\n\t<meta name=\"twitter:data1\" content=\"3\u00a0Minuten\" \/>\n<script type=\"application\/ld+json\" class=\"yoast-schema-graph\">{\"@context\":\"https:\/\/schema.org\",\"@graph\":[{\"@type\":\"WebPage\",\"@id\":\"https:\/\/www.404-page-not-found.de\/alrivo\/impressum\/\",\"url\":\"https:\/\/www.404-page-not-found.de\/alrivo\/impressum\/\",\"name\":\"Impressum - Alrivo\",\"isPartOf\":{\"@id\":\"https:\/\/www.404-page-not-found.de\/alrivo\/#website\"},\"datePublished\":\"2022-11-09T08:00:03+00:00\",\"dateModified\":\"2022-12-19T19:55:37+00:00\",\"breadcrumb\":{\"@id\":\"https:\/\/www.404-page-not-found.de\/alrivo\/impressum\/#breadcrumb\"},\"inLanguage\":\"de\",\"potentialAction\":[{\"@type\":\"ReadAction\",\"target\":[\"https:\/\/www.404-page-not-found.de\/alrivo\/impressum\/\"]}]},{\"@type\":\"BreadcrumbList\",\"@id\":\"https:\/\/www.404-page-not-found.de\/alrivo\/impressum\/#breadcrumb\",\"itemListElement\":[{\"@type\":\"ListItem\",\"position\":1,\"name\":\"Startseite\",\"item\":\"https:\/\/www.404-page-not-found.de\/alrivo\/\"},{\"@type\":\"ListItem\",\"position\":2,\"name\":\"Impressum\"}]},{\"@type\":\"WebSite\",\"@id\":\"https:\/\/www.404-page-not-found.de\/alrivo\/#website\",\"url\":\"https:\/\/www.404-page-not-found.de\/alrivo\/\",\"name\":\"Alrivo\",\"description\":\"Vorsorgestiftung\",\"potentialAction\":[{\"@type\":\"SearchAction\",\"target\":{\"@type\":\"EntryPoint\",\"urlTemplate\":\"https:\/\/www.404-page-not-found.de\/alrivo\/?s={search_term_string}\"},\"query-input\":\"required name=search_term_string\"}],\"inLanguage\":\"de\"}]}<\/script>\n<!-- \/ Yoast SEO plugin. -->","yoast_head_json":{"title":"Impressum - Alrivo","robots":{"index":"noindex","follow":"follow","max-snippet":"max-snippet:-1","max-image-preview":"max-image-preview:large","max-video-preview":"max-video-preview:-1"},"og_locale":"de_DE","og_type":"article","og_title":"Impressum - Alrivo","og_description":"Impressum Kontakt PFS Pension Fund Service AG Sa\u0308gereistrasse 29 8152 GlattbruggSchweiz Telefon: +41 43 210 18 09 E-Mail: alrivo@pfs.ch Vertretungsberechtigte Person(en) Reto Candrian Aufsichtsbeho\u0308rde BVG- und Stiftungsaufsicht des Kantons Zu\u0308rich (BVS) Stampfenbachstrasse 63, 8090 Zu\u0308rich, Schweiz https:\/\/www.bvs-zh.ch\/ Design &amp; Programmierung Das Konzept und Design wurde realisiert durch Bettina Frensemeier &#8211; Frensemeier Design.Die Programmierung und das [&hellip;]","og_url":"https:\/\/www.404-page-not-found.de\/alrivo\/impressum\/","og_site_name":"Alrivo","article_modified_time":"2022-12-19T19:55:37+00:00","twitter_card":"summary_large_image","twitter_misc":{"Gesch\u00e4tzte Lesezeit":"3\u00a0Minuten"},"schema":{"@context":"https:\/\/schema.org","@graph":[{"@type":"WebPage","@id":"https:\/\/www.404-page-not-found.de\/alrivo\/impressum\/","url":"https:\/\/www.404-page-not-found.de\/alrivo\/impressum\/","name":"Impressum - Alrivo","isPartOf":{"@id":"https:\/\/www.404-page-not-found.de\/alrivo\/#website"},"datePublished":"2022-11-09T08:00:03+00:00","dateModified":"2022-12-19T19:55:37+00:00","breadcrumb":{"@id":"https:\/\/www.404-page-not-found.de\/alrivo\/impressum\/#breadcrumb"},"inLanguage":"de","potentialAction":[{"@type":"ReadAction","target":["https:\/\/www.404-page-not-found.de\/alrivo\/impressum\/"]}]},{"@type":"BreadcrumbList","@id":"https:\/\/www.404-page-not-found.de\/alrivo\/impressum\/#breadcrumb","itemListElement":[{"@type":"ListItem","position":1,"name":"Startseite","item":"https:\/\/www.404-page-not-found.de\/alrivo\/"},{"@type":"ListItem","position":2,"name":"Impressum"}]},{"@type":"WebSite","@id":"https:\/\/www.404-page-not-found.de\/alrivo\/#website","url":"https:\/\/www.404-page-not-found.de\/alrivo\/","name":"Alrivo","description":"Vorsorgestiftung","potentialAction":[{"@type":"SearchAction","target":{"@type":"EntryPoint","urlTemplate":"https:\/\/www.404-page-not-found.de\/alrivo\/?s={search_term_string}"},"query-input":"required name=search_term_string"}],"inLanguage":"de"}]}},"_links":{"self":[{"href":"https:\/\/www.404-page-not-found.de\/alrivo\/wp-json\/wp\/v2\/pages\/2141"}],"collection":[{"href":"https:\/\/www.404-page-not-found.de\/alrivo\/wp-json\/wp\/v2\/pages"}],"about":[{"href":"https:\/\/www.404-page-not-found.de\/alrivo\/wp-json\/wp\/v2\/types\/page"}],"author":[{"embeddable":true,"href":"https:\/\/www.404-page-not-found.de\/alrivo\/wp-json\/wp\/v2\/users\/1"}],"replies":[{"embeddable":true,"href":"https:\/\/www.404-page-not-found.de\/alrivo\/wp-json\/wp\/v2\/comments?post=2141"}],"version-history":[{"count":31,"href":"https:\/\/www.404-page-not-found.de\/alrivo\/wp-json\/wp\/v2\/pages\/2141\/revisions"}],"predecessor-version":[{"id":2541,"href":"https:\/\/www.404-page-not-found.de\/alrivo\/wp-json\/wp\/v2\/pages\/2141\/revisions\/2541"}],"wp:attachment":[{"href":"https:\/\/www.404-page-not-found.de\/alrivo\/wp-json\/wp\/v2\/media?parent=2141"}],"curies":[{"name":"wp","href":"https:\/\/api.w.org\/{rel}","templated":true}]}}